{"id":2353,"date":"2023-02-15T11:11:23","date_gmt":"2023-02-15T11:11:23","guid":{"rendered":"https:\/\/bridalcommerce.com\/staging\/references\/"},"modified":"2023-09-26T09:17:31","modified_gmt":"2023-09-26T09:17:31","slug":"references","status":"publish","type":"page","link":"https:\/\/bridalcommerce.com\/staging\/references\/","title":{"rendered":"References"},"content":{"rendered":"<h1 class=\"text-center text-white text-uppercase\">DEIN ERFOLG IST UNSERE BESTE REFERENZ<\/h1>\n<p class=\"text-white\">Unser Ziel ist es, Spitzenleistungen zu erbringen und unsere Kunden auf ihrem Weg der digitalen Neugestaltung zu begleiten.<\/p>\n","protected":false},"excerpt":{"rendered":"<p>DEIN ERFOLG IST UNSERE BESTE REFERENZ Unser Ziel ist es, Spitzenleistungen zu erbringen und unsere Kunden auf ihrem Weg der digitalen Neugestaltung zu begleiten.<\/p>\n","protected":false},"author":1,"featured_media":0,"parent":0,"menu_order":0,"comment_status":"closed","ping_status":"closed","template":"template-reference.php","meta":{"footnotes":""},"class_list":["post-2353","page","type-page","status-publish","hentry"],"yoast_head":"<!-- This site is optimized with the Yoast SEO plugin v21.1 - https:\/\/yoast.com\/wordpress\/plugins\/seo\/ -->\n<title>Braut-Online-Shop Referenzen - Bridal Commerce<\/title>\n<meta name=\"description\" content=\"Entdecken Sie unser Portfolio an wundersch\u00f6n gestalteten Braut-Online-Shops. Unsere Arbeit zeigt unser Engagement f\u00fcr exzellentes Design und Funktionalit\u00e4t.\" \/>\n<meta name=\"robots\" content=\"index, follow, max-snippet:-1, max-image-preview:large, max-video-preview:-1\" \/>\n<link rel=\"canonical\" href=\"https:\/\/bridalcommerce.com\/staging\/references\/\" \/>\n<meta property=\"og:locale\" content=\"de_DE\" \/>\n<meta property=\"og:type\" content=\"article\" \/>\n<meta property=\"og:title\" content=\"Braut-Online-Shop Referenzen - Bridal Commerce\" \/>\n<meta property=\"og:description\" content=\"Entdecken Sie unser Portfolio an wundersch\u00f6n gestalteten Braut-Online-Shops. Unsere Arbeit zeigt unser Engagement f\u00fcr exzellentes Design und Funktionalit\u00e4t.\" \/>\n<meta property=\"og:url\" content=\"https:\/\/bridalcommerce.com\/staging\/references\/\" \/>\n<meta property=\"og:site_name\" content=\"Bridal Commerce\" \/>\n<meta property=\"article:publisher\" content=\"https:\/\/www.facebook.com\/bridalcommerce\/\" \/>\n<meta property=\"article:modified_time\" content=\"2023-09-26T09:17:31+00:00\" \/>\n<meta name=\"twitter:card\" content=\"summary_large_image\" \/>\n<meta name=\"twitter:label1\" content=\"Gesch\u00e4tzte Lesezeit\" \/>\n\t<meta name=\"twitter:data1\" content=\"1\u00a0Minute\" \/>\n<script type=\"application\/ld+json\" class=\"yoast-schema-graph\">{\"@context\":\"https:\/\/schema.org\",\"@graph\":[{\"@type\":\"WebPage\",\"@id\":\"https:\/\/bridalcommerce.com\/staging\/references\/\",\"url\":\"https:\/\/bridalcommerce.com\/staging\/references\/\",\"name\":\"Braut-Online-Shop Referenzen - Bridal Commerce\",\"isPartOf\":{\"@id\":\"https:\/\/bridalcommerce.com\/staging\/#website\"},\"datePublished\":\"2023-02-15T11:11:23+00:00\",\"dateModified\":\"2023-09-26T09:17:31+00:00\",\"description\":\"Entdecken Sie unser Portfolio an wundersch\u00f6n gestalteten Braut-Online-Shops. Unsere Arbeit zeigt unser Engagement f\u00fcr exzellentes Design und Funktionalit\u00e4t.\",\"breadcrumb\":{\"@id\":\"https:\/\/bridalcommerce.com\/staging\/references\/#breadcrumb\"},\"inLanguage\":\"de\",\"potentialAction\":[{\"@type\":\"ReadAction\",\"target\":[\"https:\/\/bridalcommerce.com\/staging\/references\/\"]}]},{\"@type\":\"BreadcrumbList\",\"@id\":\"https:\/\/bridalcommerce.com\/staging\/references\/#breadcrumb\",\"itemListElement\":[{\"@type\":\"ListItem\",\"position\":1,\"name\":\"Home\",\"item\":\"https:\/\/bridalcommerce.com\/staging\/\"},{\"@type\":\"ListItem\",\"position\":2,\"name\":\"References\"}]},{\"@type\":\"WebSite\",\"@id\":\"https:\/\/bridalcommerce.com\/staging\/#website\",\"url\":\"https:\/\/bridalcommerce.com\/staging\/\",\"name\":\"Bridal Commerce\",\"description\":\"\",\"potentialAction\":[{\"@type\":\"SearchAction\",\"target\":{\"@type\":\"EntryPoint\",\"urlTemplate\":\"https:\/\/bridalcommerce.com\/staging\/?s={search_term_string}\"},\"query-input\":\"required name=search_term_string\"}],\"inLanguage\":\"de\"}]}<\/script>\n<!-- \/ Yoast SEO plugin. -->","yoast_head_json":{"title":"Braut-Online-Shop Referenzen - Bridal Commerce","description":"Entdecken Sie unser Portfolio an wundersch\u00f6n gestalteten Braut-Online-Shops. Unsere Arbeit zeigt unser Engagement f\u00fcr exzellentes Design und Funktionalit\u00e4t.","robots":{"index":"index","follow":"follow","max-snippet":"max-snippet:-1","max-image-preview":"max-image-preview:large","max-video-preview":"max-video-preview:-1"},"canonical":"https:\/\/bridalcommerce.com\/staging\/references\/","og_locale":"de_DE","og_type":"article","og_title":"Braut-Online-Shop Referenzen - Bridal Commerce","og_description":"Entdecken Sie unser Portfolio an wundersch\u00f6n gestalteten Braut-Online-Shops. Unsere Arbeit zeigt unser Engagement f\u00fcr exzellentes Design und Funktionalit\u00e4t.","og_url":"https:\/\/bridalcommerce.com\/staging\/references\/","og_site_name":"Bridal Commerce","article_publisher":"https:\/\/www.facebook.com\/bridalcommerce\/","article_modified_time":"2023-09-26T09:17:31+00:00","twitter_card":"summary_large_image","twitter_misc":{"Gesch\u00e4tzte Lesezeit":"1\u00a0Minute"},"schema":{"@context":"https:\/\/schema.org","@graph":[{"@type":"WebPage","@id":"https:\/\/bridalcommerce.com\/staging\/references\/","url":"https:\/\/bridalcommerce.com\/staging\/references\/","name":"Braut-Online-Shop Referenzen - Bridal Commerce","isPartOf":{"@id":"https:\/\/bridalcommerce.com\/staging\/#website"},"datePublished":"2023-02-15T11:11:23+00:00","dateModified":"2023-09-26T09:17:31+00:00","description":"Entdecken Sie unser Portfolio an wundersch\u00f6n gestalteten Braut-Online-Shops. Unsere Arbeit zeigt unser Engagement f\u00fcr exzellentes Design und Funktionalit\u00e4t.","breadcrumb":{"@id":"https:\/\/bridalcommerce.com\/staging\/references\/#breadcrumb"},"inLanguage":"de","potentialAction":[{"@type":"ReadAction","target":["https:\/\/bridalcommerce.com\/staging\/references\/"]}]},{"@type":"BreadcrumbList","@id":"https:\/\/bridalcommerce.com\/staging\/references\/#breadcrumb","itemListElement":[{"@type":"ListItem","position":1,"name":"Home","item":"https:\/\/bridalcommerce.com\/staging\/"},{"@type":"ListItem","position":2,"name":"References"}]},{"@type":"WebSite","@id":"https:\/\/bridalcommerce.com\/staging\/#website","url":"https:\/\/bridalcommerce.com\/staging\/","name":"Bridal Commerce","description":"","potentialAction":[{"@type":"SearchAction","target":{"@type":"EntryPoint","urlTemplate":"https:\/\/bridalcommerce.com\/staging\/?s={search_term_string}"},"query-input":"required name=search_term_string"}],"inLanguage":"de"}]}},"_links":{"self":[{"href":"https:\/\/bridalcommerce.com\/staging\/wp-json\/wp\/v2\/pages\/2353","targetHints":{"allow":["GET"]}}],"collection":[{"href":"https:\/\/bridalcommerce.com\/staging\/wp-json\/wp\/v2\/pages"}],"about":[{"href":"https:\/\/bridalcommerce.com\/staging\/wp-json\/wp\/v2\/types\/page"}],"author":[{"embeddable":true,"href":"https:\/\/bridalcommerce.com\/staging\/wp-json\/wp\/v2\/users\/1"}],"replies":[{"embeddable":true,"href":"https:\/\/bridalcommerce.com\/staging\/wp-json\/wp\/v2\/comments?post=2353"}],"version-history":[{"count":4,"href":"https:\/\/bridalcommerce.com\/staging\/wp-json\/wp\/v2\/pages\/2353\/revisions"}],"predecessor-version":[{"id":3193,"href":"https:\/\/bridalcommerce.com\/staging\/wp-json\/wp\/v2\/pages\/2353\/revisions\/3193"}],"wp:attachment":[{"href":"https:\/\/bridalcommerce.com\/staging\/wp-json\/wp\/v2\/media?parent=2353"}],"curies":[{"name":"wp","href":"https:\/\/api.w.org\/{rel}","templated":true}]}}